the highest common divisor of z and r?
6
Let m(z) = 23*z**2 + 162*z + 4290. Let s be m(-24). What is the highest common divisor of s and 75?
75
Let r be 206/6 - (-2)/3. Let x = -237 - -342. Suppose -94*d + x*d = 3465. Calculate the greatest common factor of d and r.
35
Suppose 17*w - 53*w + 3*w + 9009 = 0. What is the highest common divisor of 3731 and w?
91
Suppose 0 = -6*l + 1129 - 389 + 430. Calculate the highest common factor of 169 and l.
13
Let m be 0 + 0/2 + 18. Let j(y) = -y**2 + 103*y + 21189. Let d be j(-102). What is the greatest common divisor of d and m?
9
Let g(b) = 7562*b**2 + 14*b - 16. Let t be g(1). What is the highest common factor of 35 and t?
35
Let i be 12/2 + 12/30*-5. Suppose -23*p + 20*p = -3*c - 2298, 0 = -i*p + 2*c + 3058. Calculate the highest common divisor of p and 218.
109
Let d = -421 - -481. Let f(p) = -23*p**3 + p**2 + p + 1. Let l be f(-1). Calculate the greatest common factor of d and l.
12
Let m be -8*(-209)/66 + 6/9. Calculate the highest common factor of 1391 and m.
13
Let y(r) = 6*r - 84. Let o be y(17). Suppose -4*g = 0, 3*v + 3 = 4*g + o. What is the highest common factor of v and 45?
5
Let h be -1 + 9 + 3/(-3) + -1. Suppose h*z + 7 = 55. Let k be (-30)/9*(-144)/15. Calculate the greatest common divisor of k and z.
8
Let m(k) = 784*k + 899. Let b be m(-1). Calculate the highest common divisor of b and 20.
5
Let l(z) = 43*z**2 - 341*z + 48. Let s be l(8). Let y(d) = 8*d**2 + d - 1. Let t be y(1). Calculate the greatest common factor of s and t.
8
Suppose 120*b - 61043 = 4*b + 33613. What is the greatest common factor of b and 672?
48
Let m(k) be the second derivative of k**4/12 - k**3/3 - 9*k**2 - 19*k. Let y be m(8). Let h = -246 + 396. What is the highest common factor of y and h?
30
Suppose -3*j = -9, -5*r - 5*j + 2*j + 29 = 0. Let y = 18 - r. Let z(p) = 3*p**2 + 20*p + 7. Let f be z(-9). What is the highest common divisor of f and y?
14
Let s(h) = -12*h**2 - 73*h + 12. Suppose 7*x - 8*x = -g - 8, 5*x = 10. Let d be s(g). Calculate the highest common divisor of d and 42.
6
Let j be ((-20)/(-15))/(2/(-9)) + 96. Calculate the greatest common factor of j and 954.
18
Let k(y) = 8 - 173*y + y**2 + 0*y**2 - 21 + 189*y. Let n be k(-17). Suppose -n*c + 1188 = 8*c. Calculate the greatest common divisor of 9 and c.
9
Suppose 3*s + 4*r - 5 = 0, 2*s = -4*r + 6*r + 22. Let d = 179 + -75. Suppose s*x + x = d. What is the greatest common divisor of 91 and x?
13
Suppose -98*s - 46*s + 1152 = 0. Let j be (1 + 1)*(-20)/4. Let l be (-218)/(-9) - j/(-45). Calculate the highest common factor of s and l.
8
Suppose 0 = -0*q - 7*q + 343. Suppose 42 - q = -i. Suppose i*t = 4*t + 90. Calculate the greatest common factor of t and 70.
10
Suppose -82*x = -94*x + 480. Calculate the greatest common divisor of x and 110.
10
Let o = 45149 - 44983. Let k(d) = 188*d**2 - 2*d - 1. Let l be k(2). What is the greatest common divisor of l and o?
83
Suppose 63*p = -0*p + 247401. What is the greatest common factor of 51 and p?
51
Let u be (-3 + 2 + (-8126)/4)/(176/(-352)). Calculate the greatest common divisor of u and 15.
15
Suppose -44048 = -4*h - 10940 + 8440. What is the highest common factor of 221 and h?
221
Let m(a) = a. Let v(f) = 4*f - 10. Let r(g) = 6*m(g) - 2*v(g). Let y be r(4). Calculate the greatest common factor of y and 4.
4
Let q be -21*(-26 - (-666)/27). What is the highest common divisor of 196 and q?
28
Let s = -172 + 156. Let l be s/(-136) + -132*(-18)/34. Suppose 10 = d + 5*r, -5*d - r + 50 = -0*d. Calculate the greatest common factor of l and d.
10
Suppose 4*c - 5*c = -3. Suppose -5*w - c*t = -60, -t = 4*w - 6*t - 85. Suppose 0 = f - w - 12. What is the highest common factor of f and 216?
27
Let t be -3 + 55/20 + (-2074)/(-8). Calculate the highest common factor of 7 and t.
7
Let m be 2*-18*(-2)/3. Suppose -2*p - p = -m. Let a(q) = -5641*q + 45129. Let y be a(8). Calculate the highest common divisor of y and p.
1
Suppose -3*h = -6*h + 432. Let d(r) = -1891*r - 35833. Let s be d(-19). Calculate the greatest common divisor of s and h.
48
Let g be (-1)/(-2)*200/2. Let v = g - 36. Suppose -2*m + 14 = -2*k, k - 499 = 3*m - 524. What is the greatest common divisor of k and v?
2
Let s be ((-18)/(-12))/((-6)/(-104)). Let d(n) = -61*n - 254. Let z be d(-8). What is the greatest common factor of s and z?
26
Let x be (-6)/(-9) - (-4453)/219. Let o be (-3)/(480/483 - 1). What is the greatest common factor of x and o?
21
Suppose 0 = -3*u + j + 12, -5*u - 6*j + 3*j = -20. Suppose -16 = -4*p - u. What is the greatest common factor of p and 51?
3
Let g = 4488 + -4472. Calculate the highest common factor of 2848 and g.
16
Let r be -5 - (1 + -29 - 6/(-2)). Let z(g) = g**2 - 23*g + 101. Let a be z(r). Calculate the greatest common divisor of 451 and a.
41
Let k = 9659 - 9439. Calculate the greatest common factor of k and 20.
20
Let r = 8830 - 8280. What is the greatest common factor of r and 4675?
275
Let a(u) = -2*u**3 + 34*u**2 - 43*u + 351. Let k be a(16). Calculate the greatest common factor of k and 91.
7
Let o = -3667 - -4038. What is the highest common divisor of 28 and o?
7
Let a = -6568 + 7177. What is the highest common factor of 210 and a?
21
Suppose -3*q - 2*w = -w - 46, -4*q = 5*w - 65. Suppose 35 = 5*v - 5*b, b = -b + 4. Let y be (-226)/v*-3 - 1/3. What is the greatest common factor of q and y?
15
Let j(d) = -d**3 - 11*d**2 - 7*d + 18. Suppose -143 = 151*r - 138*r. Let g be j(r). What is the highest common divisor of g and 10?
5
Let i(f) = 183*f**2 + 689*f + 2037. Let o be i(-3). What is the greatest common factor of 924 and o?
231
Let f = 43250 - 43242. Calculate the greatest common divisor of 2520 and f.
8
Let t = 14750 - 14718. Calculate the highest common divisor of 216 and t.
8
Let b be (-10)/100*-10 + 623. Calculate the highest common divisor of b and 1352.
104
Suppose -c = 4*d + 10, 18*c - 20*c - 6 = d. Let m be d/(-11) - 4*438/(-44). Suppose -3*u + 32 = u. Calculate the greatest common factor of u and m.
8
Let n be (-48)/(-9) - 2/(-3). Let u be (-3 + 13)*12/(-20). Let a be (-2)/(-4)*(u + 7 + 17). What is the greatest common factor of n and a?
3
Suppose -2*q + 5*t + 123 = 0, 213 = -q + 5*q + t. Suppose 0 = 4*f - q - 34. Calculate the greatest common divisor of f and 198.
22
Let t = 68 + -65. Suppose -u + 3*c = -t, 5 = -4*c - c. Suppose 5*n + 5*g = -10, n + u*g + 3*g + 10 = 0. What is the greatest common factor of 18 and n?
2
Let v = 1047 - 464. Suppose 2*d - 5*h - 26 = -6*h, -67 = -5*d - 3*h. Calculate the greatest common factor of v and d.
11
Let y(l) = -3*l + 35. Let d be y(12). Let v be d*168/16*(-24)/7. Calculate the greatest common divisor of 126 and v.
18
Let m be -2*(-49)/14*(-504)/(-8). What is the greatest common divisor of m and 1421?
49
Let h(y) = -60*y + 597. Let c be h(-17). What is the highest common factor of 98 and c?
49
Let b = 605 + -599. Let h be b/(-16) + 1535/40 + 4. Calculate the highest common divisor of 112 and h.
14
Let q(a) = -21*a - 516. Let f be q(-28). Suppose 0*g + 145 = 5*g - 5*m, 4*g = 5*m + 116. Let b = g + -5. Calculate the greatest common factor of f and b.
24
Let p = 6962 - 6754. Calculate the highest common factor of p and 234.
26
Suppose 11908 + 14336 = 407*f - 380*f. Calculate the highest common divisor of f and 252.
36
Let o = 209 - 183. Let w be o/(7/49 - (-3)/28). What is the greatest common factor of w and 13?
13
Let l be 39/((-28)/147*11/(-44)). What is the highest common divisor of l and 156?
39
Suppose 0 = -5*m - x + 715, -304*m + 2*x - 278 = -306*m. Calculate the greatest common divisor of 2064 and m.
48
Let i(d) be the second derivative of -3*d**5/20 - d**4/6 + 4*d**3/3 + 8*d**2 - 54*d. Let x be i(-3). What is the greatest common divisor of x and 99?
11
Let x(w) = -92*w + 4. Let g be (14*(-4)/(-56))/((-1)/3). Let y be x(g). Calculate the highest common divisor of 70 and y.
70
Suppose 2*u - 6142 = 3*i, 5*i + 2247 - 14575 = -4*u. Calculate the highest common divisor of 905 and u.
181
Let q(m) = -m**2 + 7*m + 10. Let u be q(4). Suppose 2*c - u + 30 = 0. Let z = c + 30. Calculate the highest common divisor of z and 182.
26
Suppose 4*r = -4*r - 48. Let g be 222/12 + (-3)/r. Let z(j) = 4*j**2 - 5. Let q be z(-5). What is the greatest common divisor of q and g?
19
Suppos